n(c)?
5
Let f be (-2)/2*(4 - 4). What is the hundreds digit of (6 - 6) + 111 + -3 + f?
1
Let x(d) = 2*d**2 + 9*d + 8. Suppose 62 - 14 = -6*l. Let w be x(l). Let a = -44 + w. What is the units digit of a?
0
Let t = -11 - -28. Suppose -3*d + t + 157 = 0. What is the tens digit of d?
5
Suppose 3*q - 77 = 4*x + 178, -3*x - 258 = -3*q. Suppose 0 = -2*n - 4*d - q + 307, -4*n = 4*d - 420. Let k = n - 72. What is the tens digit of k?
2
Suppose -37*c + 724 = -33*c. Let j = c + -118. What is the units digit of j?
3
Let h(p) = p**2 + 10*p - 14. Suppose 24 = -2*q + 3*v, 0 = 3*q - 2*q - 5*v + 19. Let o be h(q). Let b = o + 30. What is the units digit of b?
7
Let x(i) = 1. Let f(q) = 38*q + 4. Let l(m) = -f(m) + 6*x(m). What is the tens digit of l(-1)?
4
Let b = -35 + 25. Let m(z) = -6*z + 26. What is the tens digit of m(b)?
8
Let h be (20/3)/((-4)/(-120)). Suppose 53 + 0 = v - 2*c, 0 = -5*v - 3*c + h. Suppose -7 = b - v. What is the tens digit of b?
3
Let j(z) = z**3 - 11*z**2 + z - 8. Let q = 27 + -16. Let l be j(q). What is the tens digit of 42*((-9)/(-6))/l?
2
Suppose -6*b = -35*b + 147958. What is the hundreds digit of b?
1
Suppose -2107 = -2*x - 495. What is the units digit of x?
6
Let p be (-254)/(-4) + (-3)/(-12)*-2. Let u = 89 + p. What is the tens digit of u?
5
Let b(s) = 2*s + 10. Let y be b(-3). Suppose k - y*k + 5*o = -640, 2*o - 810 = -4*k. What is the hundreds digit of k?
2
Let b = -23 - -31. Suppose 592 + 600 = b*g. What is the hundreds digit of g?
1
Suppose 19*a - 722 = -0*a. Let v = 77 + -46. Let b = a - v. What is the units digit of b?
7
Suppose -13 = 3*l - 4*m - 0*m, 2*l + m = -27. What is the tens digit of (((-1617)/(-14))/l)/((-3)/4)?
1
Let p(i) be the second derivative of 11*i**3/2 - i**2/2 + 7*i. What is the tens digit of p(7)?
3
Let x = 435 - -1523. What is the thousands digit of x?
1
Let z(r) = 11*r - 227. What is the units digit of z(31)?
4
Suppose -d + 1019 = 4*p, 24*p - 25*p = -d + 1004. What is the units digit of d?
7
Let r(z) = 159*z**2 + 23*z - 7. What is the hundreds digit of r(-3)?
3
Let z = 1578 - 908. What is the hundreds digit of z?
6
Suppose 9*j - 2978 = -2*g + 11*j, -3*g + 4*j + 4464 = 0. What is the units digit of g?
2
Let q = 13 + -10. Suppose -4*h = -3*s + 102, 2*s - 34 = s + q*h. What is the units digit of s?
4
Let u(m) = 2*m - 31. Let c be u(16). What is the tens digit of (-2)/(-6) - c/(9/(-663))?
7
Let x(g) = -19*g**3 - 6*g**2 + 2*g - 1. What is the units digit of x(-3)?
2
Suppose 2*a - 26 = -5*v, 4*a + v = -0*v + 34. What is the tens digit of (-4 + a)*(-15)/(-24)*10?
2
Suppose 2*j - 2*r = -5*r + 9, 6 = j + 2*r. Suppose 2*f = -j*d + 5*d - 36, 3*d = -3*f + 30. Suppose -2*o = -6*o + d. What is the units digit of o?
2
Suppose 2*u = 5*w - 2180, -4*u + 842 + 492 = 3*w. What is the hundreds digit of w?
4
Let c(y) = -y**3 + 35*y**2 + 12*y - 116. What is the tens digit of c(31)?
0
Let m be ((-12)/8)/(-1)*-2. Let v(i) = -10*i + 4. What is the tens digit of v(m)?
3
Let y be (-5 - (-2 - -2))*-1. Let w = 155 - 35. Suppose 0*i - y*i = -w. What is the tens digit of i?
2
Let u = -2884 - -4812. What is the hundreds digit of u?
9
What is the units digit of -7 + (-72528)/(-30) + (-6)/(-15)?
1
Suppose 2*t - 91 + 23 = 0. Suppose m + t = k - m, -10 = 2*m. Suppose 4*b - k = -0*b. What is the units digit of b?
6
What is the units digit of 852/10 + (-22)/110?
5
Let b = 10 + 153. Let z = b - 111. What is the tens digit of z?
5
Suppose -3*f - 6 = -3*w, 5*w + 0*w = 3*f + 10. Let k be f + (-3 - -4) + 2. Suppose -18 = -n - k. What is the tens digit of n?
1
What is the tens digit of (-1)/((2/25)/(-2))?
2
Let u be 1/3*210/2. Let w = u + -68. What is the units digit of 308/w*6/(-4)?
4
Let w be (22 - -1) + (-21)/7. What is the units digit of 1/4 - (-735)/w?
7
Let r(f) = 20*f - 16. Let h be r(5). Suppose h + 44 = 4*a - 4*z, -4*a - 5*z + 164 = 0. What is the tens digit of a?
3
Let u = 248 - -20. What is the units digit of u?
8
Let q = 150 + -29. Let c = -58 + q. Suppose -n - 46 = -4*n + f, -4*n + c = -f. What is the tens digit of n?
1
Let w(b) = 2*b**3 + 42*b**2 - 22*b - 6. What is the thousands digit of w(-18)?
2
Suppose -5263 = 5*i - 18313. What is the thousands digit of i?
2
Suppose 0 = -3*v + 23*v - 8640. What is the units digit of v?
2
Suppose 2*c - 2*s - 16 = 62, 5*c - 187 = 3*s. Let w be c/2 + (-24)/48. Let o = w - -13. What is the units digit of o?
0
Let t = 678 + 0. What is the units digit of t?
8
Let j be 1/3 - (-26)/3. Suppose 4*p - j*p + 10 = 0. What is the units digit of (-3324)/(-108) + p/9?
1
Let x be 3/(-1 - (-5)/2). Suppose -x*s = 2*f + 3*s - 119, 58 = f + s. What is the tens digit of f?
5
Let s(r) = 8*r**2 + 8*r + 11*r**2 + r - 3*r**3 + 45 + 2*r**3. What is the hundreds digit of s(19)?
2
Suppose -3*n + 5*d = -173, 271 = 5*n - 0*d - 4*d. Suppose -88*r + 1156 = -54*r. What is the tens digit of n/r + (-266)/(-4)?
6
Let z be 3 + -6 - (2 - 0). Let m(b) = b**3 + 5*b**2 - 2*b + 1. What is the tens digit of m(z)?
1
Let w be (3 + 1 + -3)*-18. Let v be (w/(-15))/(15/(-50)). Let r = 39 + v. What is the tens digit of r?
3
Suppose -16*s + 14*s = 2*f - 6998, 0 = s + 2*f - 3497. What is the units digit of s?
1
Let k = 18 - -479. What is the hundreds digit of k?
4
Suppose -4*u = c - 799, 3213 = 4*c - 29*u + 28*u. What is the units digit of c?
3
Let o = 1563 - -825. What is the tens digit of o?
8
Suppose 4*d = 2*o - 1 - 1, 0 = 5*d - 4*o + 4. Suppose d = -k - 3*t + 67 + 21, -4*t + 484 = 5*k. What is the hundreds digit of k?
1
Let c(m) be the second derivative of m**4/12 + 2*m**3 + m**2 - 6*m. Let i(b) = -b**2 - 23*b - 3. Let a(o) = 5*c(o) + 3*i(o). What is the tens digit of a(7)?
3
Let c = 527 + -60. What is the tens digit of c?
6
Suppose -23*u - 18921 = -40*u. What is the hundreds digit of u?
1
Let i = -57 - -48. What is the units digit of (-59)/(-2) - i/(-18)?
9
Suppose 7*g - 39 = 3. Let i(w) = 3*w**3 - 15*w**2 + 7*w + 1. What is the tens digit of i(g)?
5
Suppose -2*n + 5*o + 1431 = 2*n, 5*o = -15. Suppose -2*h - 5*y = -n, -3*h + 342 = -h - y. Suppose -3*f = -59 - h. What is the tens digit of f?
7
Let w(j) = j**2 + 6*j + 13. Let m(q) = 10*q**2 - 2*q - 1. Let d be m(-1). Suppose 2*b - 7*b = 2*p + 24, -d = 3*p - 5*b. What is the tens digit of w(p)?
2
Suppose 0 = -m + 2*w + 535, 9*m + 5*w + 1609 = 12*m. What is the hundreds digit of m?
5
Suppose -5*w + 2*t = -1010, 5*w - 606 = 2*w - 3*t. What is the tens digit of w?
0
Let s = 144 + -65. Suppose -33 = 2*r - s. What is the tens digit of r?
2
Suppose -23989 = -28*r + 3479. What is the tens digit of r?
8
Let b(r) = -9*r + 569. What is the hundreds digit of b(13)?
4
Let d(o) = -2*o + 40. Suppose t + h + 6 = -3*h, 3*t - 2 = -2*h. Let w = t - 2. What is the tens digit of d(w)?
4
Let w = -3 - -3. Suppose -35 = 5*m - w*m. What is the tens digit of m/(-21) + 226/6?
3
Suppose 376 = 4*a + 3*u - 132, 2*a - 256 = -u. What is the units digit of -2*((-2)/10 + (-1469)/a)?
3
Let g(y) = -y**3 - 11*y**2 - 9*y + 11. Let i be g(-10). Let u be (i - -1) + 0 + -26. What is the tens digit of (116/(-2))/(u/12)?
2
What is the tens digit of (-1810)/3*(-11)/(330/36)?
2
Let r(x) = x**3 - 5*x**2 + 4*x + 5. Let l be r(3). Let a(s) = 51*s**2 + s + 2. What is the units digit of a(l)?
2
Let x(b) be the second derivative of -b**4/12 - 19*b**3/6 + 8*b**2 + 15*b. What is the tens digit of x(-13)?
9
Suppose w - 5*o + 0*o + 7 = 0, 4*o = -2*w + 28. Let g(b) = -b**3 + b**3 - b**3 + 4*b - 3 + 8*b**2 + 0*b**3. What is the units digit of g(w)?
9
Let m(x) = -5*x**3 + x**2 - 2*x - 3. Let p be m(-2). Let i = -13 + p. What is the tens digit of i?
3
Let q(n) = -2*n**3 + 6*n**2 + 2*n - 5. Let r(k) = 10*k**3 - 31*k**2 - 11*k + 25. Let h(u) = -11*q(u) - 2*r(u). What is the units digit of h(3)?
3
What is the hundreds digit of (-4985)/(-20) + ((-18)/8)/9?
2
Suppose -818 = -5*c + 652. What is the units digit of c?
4
What is the units digit of (11 + 24208/32)*24/10?
2
Suppose 6*i - 483 = 3*i. Suppose 2*z - i = r, 2*z - 4*r - 142 = 22. What is the units digit of z?
0
Suppose 5*q - 2*r = 3412, -11*q + 684 = -10*q - 2*r. What is the units digit of q?
2
Let u be 2*5*4/(-8). Let w(p) = p**3 + 3*p**2 - p**2 + 4*p**2 + 5 - 2*p. What is the units digit of w(u)?
0
Let o(x) = x**3 - 9*x**2 + 16*x + 6. Let w be o(7). Suppose -4*g + 5*n + 127 = -365, -w = 5*n. W